{"id":674,"date":"2023-07-17T00:00:36","date_gmt":"2023-07-16T22:00:36","guid":{"rendered":"https:\/\/cocoonarchitecte.fr\/?page_id=674"},"modified":"2025-07-17T16:06:40","modified_gmt":"2025-07-17T14:06:40","slug":"logements","status":"publish","type":"page","link":"https:\/\/cocoonarchitecte.fr\/index.php\/logements\/","title":{"rendered":"Logements"},"content":{"rendered":"\n<p>individuels<\/p>\n\n\n\n<p>interm\u00e9diaires<\/p>\n\n\n\n<p>collectifs<\/p>\n\n\n\n<div style=\"height:32px\" aria-hidden=\"true\" class=\"wp-block-spacer\"><\/div>\n\n\n<ul class=\"wp-block-latest-posts__list is-grid columns-4 aligncenter wp-block-latest-posts\"><li><div class=\"wp-block-latest-posts__featured-image\"><a href=\"https:\/\/cocoonarchitecte.fr\/index.php\/2025\/12\/04\/residence-autonomie-le-chene-au-loup-rehabilitation-et-extension-conches-en-ouche-27\/\" aria-label=\"50 logement s\u00e9niors &#8211; R\u00e9habilitation et extension &#8211;  Conches en Ouche (27)\"><img loading=\"lazy\" decoding=\"async\" width=\"300\" height=\"300\" src=\"https:\/\/cocoonarchitecte.fr\/wp-content\/uploads\/2025\/12\/Conches-cadre-300x300.jpg\" class=\"attachment-medium size-medium wp-post-image\" alt=\"\" style=\"\" srcset=\"https:\/\/cocoonarchitecte.fr\/wp-content\/uploads\/2025\/12\/Conches-cadre-300x300.jpg 300w, https:\/\/cocoonarchitecte.fr\/wp-content\/uploads\/2025\/12\/Conches-cadre-1024x1024.jpg 1024w, https:\/\/cocoonarchitecte.fr\/wp-content\/uploads\/2025\/12\/Conches-cadre-150x150.jpg 150w, https:\/\/cocoonarchitecte.fr\/wp-content\/uploads\/2025\/12\/Conches-cadre-768x768.jpg 768w, https:\/\/cocoonarchitecte.fr\/wp-content\/uploads\/2025\/12\/Conches-cadre-1536x1536.jpg 1536w, https:\/\/cocoonarchitecte.fr\/wp-content\/uploads\/2025\/12\/Conches-cadre.jpg 1654w\" sizes=\"auto, (max-width: 300px) 100vw, 300px\" \/><\/a><\/div><a class=\"wp-block-latest-posts__post-title\" href=\"https:\/\/cocoonarchitecte.fr\/index.php\/2025\/12\/04\/residence-autonomie-le-chene-au-loup-rehabilitation-et-extension-conches-en-ouche-27\/\">50 logement s\u00e9niors &#8211; R\u00e9habilitation et extension &#8211;  Conches en Ouche (27)<\/a><\/li>\n<li><div class=\"wp-block-latest-posts__featured-image\"><a href=\"https:\/\/cocoonarchitecte.fr\/index.php\/2025\/06\/10\/rehabilitation-de-lancienne-sous-prefecture-bernay-27\/\" aria-label=\"15 logements s\u00e9niors &#8211; R\u00e9habilitation de l&rsquo;ancienne sous-pr\u00e9fecture &#8211; Bernay (27)\"><img loading=\"lazy\" decoding=\"async\" width=\"300\" height=\"300\" src=\"https:\/\/cocoonarchitecte.fr\/wp-content\/uploads\/2025\/06\/sous-pref-cadre-1-300x300.jpg\" class=\"attachment-medium size-medium wp-post-image\" alt=\"\" style=\"\" srcset=\"https:\/\/cocoonarchitecte.fr\/wp-content\/uploads\/2025\/06\/sous-pref-cadre-1-300x300.jpg 300w, https:\/\/cocoonarchitecte.fr\/wp-content\/uploads\/2025\/06\/sous-pref-cadre-1-1024x1024.jpg 1024w, https:\/\/cocoonarchitecte.fr\/wp-content\/uploads\/2025\/06\/sous-pref-cadre-1-150x150.jpg 150w, https:\/\/cocoonarchitecte.fr\/wp-content\/uploads\/2025\/06\/sous-pref-cadre-1-768x768.jpg 768w, https:\/\/cocoonarchitecte.fr\/wp-content\/uploads\/2025\/06\/sous-pref-cadre-1-1536x1536.jpg 1536w, https:\/\/cocoonarchitecte.fr\/wp-content\/uploads\/2025\/06\/sous-pref-cadre-1.jpg 1654w\" sizes=\"auto, (max-width: 300px) 100vw, 300px\" \/><\/a><\/div><a class=\"wp-block-latest-posts__post-title\" href=\"https:\/\/cocoonarchitecte.fr\/index.php\/2025\/06\/10\/rehabilitation-de-lancienne-sous-prefecture-bernay-27\/\">15 logements s\u00e9niors &#8211; R\u00e9habilitation de l&rsquo;ancienne sous-pr\u00e9fecture &#8211; Bernay (27)<\/a><\/li>\n<li><div class=\"wp-block-latest-posts__featured-image\"><a href=\"https:\/\/cocoonarchitecte.fr\/index.php\/2024\/04\/29\/maison-s\/\" aria-label=\"Maison S &#8211; Petit Couronne (76)\"><img loading=\"lazy\" decoding=\"async\" width=\"300\" height=\"300\" src=\"https:\/\/cocoonarchitecte.fr\/wp-content\/uploads\/2024\/04\/simand-carre-300x300.jpg\" class=\"attachment-medium size-medium wp-post-image\" alt=\"\" style=\"\" srcset=\"https:\/\/cocoonarchitecte.fr\/wp-content\/uploads\/2024\/04\/simand-carre-300x300.jpg 300w, https:\/\/cocoonarchitecte.fr\/wp-content\/uploads\/2024\/04\/simand-carre-150x150.jpg 150w, https:\/\/cocoonarchitecte.fr\/wp-content\/uploads\/2024\/04\/simand-carre-768x768.jpg 768w, https:\/\/cocoonarchitecte.fr\/wp-content\/uploads\/2024\/04\/simand-carre.jpg 1024w\" sizes=\"auto, (max-width: 300px) 100vw, 300px\" \/><\/a><\/div><a class=\"wp-block-latest-posts__post-title\" href=\"https:\/\/cocoonarchitecte.fr\/index.php\/2024\/04\/29\/maison-s\/\">Maison S &#8211; Petit Couronne (76)<\/a><\/li>\n<li><div class=\"wp-block-latest-posts__featured-image\"><a href=\"https:\/\/cocoonarchitecte.fr\/index.php\/2023\/10\/31\/les-rives-papillons-80-logements-collectifs\/\" aria-label=\"82 logements collectifs &#8211; \u00ab\u00a0Les RIVES papillon\u00a0\u00bb &#8211; Louviers (27)\"><img loading=\"lazy\" decoding=\"async\" width=\"300\" height=\"300\" src=\"https:\/\/cocoonarchitecte.fr\/wp-content\/uploads\/2023\/08\/logement-2-300x300.jpg\" class=\"attachment-medium size-medium wp-post-image\" alt=\"\" style=\"\" srcset=\"https:\/\/cocoonarchitecte.fr\/wp-content\/uploads\/2023\/08\/logement-2-300x300.jpg 300w, https:\/\/cocoonarchitecte.fr\/wp-content\/uploads\/2023\/08\/logement-2-150x150.jpg 150w, https:\/\/cocoonarchitecte.fr\/wp-content\/uploads\/2023\/08\/logement-2-768x768.jpg 768w, https:\/\/cocoonarchitecte.fr\/wp-content\/uploads\/2023\/08\/logement-2.jpg 1024w\" sizes=\"auto, (max-width: 300px) 100vw, 300px\" \/><\/a><\/div><a class=\"wp-block-latest-posts__post-title\" href=\"https:\/\/cocoonarchitecte.fr\/index.php\/2023\/10\/31\/les-rives-papillons-80-logements-collectifs\/\">82 logements collectifs &#8211; \u00ab\u00a0Les RIVES papillon\u00a0\u00bb &#8211; Louviers (27)<\/a><\/li>\n<li><div class=\"wp-block-latest-posts__featured-image\"><a href=\"https:\/\/cocoonarchitecte.fr\/index.php\/2023\/08\/28\/justice\/\" aria-label=\"40 logements &#8211; ZAC de la Justice &#8211; Louviers (27)\"><img loading=\"lazy\" decoding=\"async\" width=\"300\" height=\"300\" src=\"https:\/\/cocoonarchitecte.fr\/wp-content\/uploads\/2023\/08\/cadre-justice-300x300.jpg\" class=\"attachment-medium size-medium wp-post-image\" alt=\"\" style=\"\" srcset=\"https:\/\/cocoonarchitecte.fr\/wp-content\/uploads\/2023\/08\/cadre-justice-300x300.jpg 300w, https:\/\/cocoonarchitecte.fr\/wp-content\/uploads\/2023\/08\/cadre-justice-150x150.jpg 150w, https:\/\/cocoonarchitecte.fr\/wp-content\/uploads\/2023\/08\/cadre-justice-768x768.jpg 768w, https:\/\/cocoonarchitecte.fr\/wp-content\/uploads\/2023\/08\/cadre-justice.jpg 1024w\" sizes=\"auto, (max-width: 300px) 100vw, 300px\" \/><\/a><\/div><a class=\"wp-block-latest-posts__post-title\" href=\"https:\/\/cocoonarchitecte.fr\/index.php\/2023\/08\/28\/justice\/\">40 logements &#8211; ZAC de la Justice &#8211; Louviers (27)<\/a><\/li>\n<li><div class=\"wp-block-latest-posts__featured-image\"><a href=\"https:\/\/cocoonarchitecte.fr\/index.php\/2023\/08\/21\/stockholm\/\" aria-label=\"60 lgt collectifs et 21 maisons &#8211;  Saint Etienne du Rouvray (76)\"><img loading=\"lazy\" decoding=\"async\" width=\"300\" height=\"300\" src=\"https:\/\/cocoonarchitecte.fr\/wp-content\/uploads\/2023\/08\/logement-3-300x300.jpg\" class=\"attachment-medium size-medium wp-post-image\" alt=\"\" style=\"\" srcset=\"https:\/\/cocoonarchitecte.fr\/wp-content\/uploads\/2023\/08\/logement-3-300x300.jpg 300w, https:\/\/cocoonarchitecte.fr\/wp-content\/uploads\/2023\/08\/logement-3-150x150.jpg 150w, https:\/\/cocoonarchitecte.fr\/wp-content\/uploads\/2023\/08\/logement-3-768x768.jpg 768w, https:\/\/cocoonarchitecte.fr\/wp-content\/uploads\/2023\/08\/logement-3.jpg 1024w\" sizes=\"auto, (max-width: 300px) 100vw, 300px\" \/><\/a><\/div><a class=\"wp-block-latest-posts__post-title\" href=\"https:\/\/cocoonarchitecte.fr\/index.php\/2023\/08\/21\/stockholm\/\">60 lgt collectifs et 21 maisons &#8211;  Saint Etienne du Rouvray (76)<\/a><\/li>\n<li><div class=\"wp-block-latest-posts__featured-image\"><a href=\"https:\/\/cocoonarchitecte.fr\/index.php\/2023\/07\/27\/la-grange\/\" aria-label=\"La grange &#8211; Bosc Gu\u00e9rard (76)\"><img loading=\"lazy\" decoding=\"async\" width=\"300\" height=\"300\" src=\"https:\/\/cocoonarchitecte.fr\/wp-content\/uploads\/2023\/07\/cadre-grange-300x300.jpg\" class=\"attachment-medium size-medium wp-post-image\" alt=\"\" style=\"\" srcset=\"https:\/\/cocoonarchitecte.fr\/wp-content\/uploads\/2023\/07\/cadre-grange-300x300.jpg 300w, https:\/\/cocoonarchitecte.fr\/wp-content\/uploads\/2023\/07\/cadre-grange-150x150.jpg 150w, https:\/\/cocoonarchitecte.fr\/wp-content\/uploads\/2023\/07\/cadre-grange-768x768.jpg 768w, https:\/\/cocoonarchitecte.fr\/wp-content\/uploads\/2023\/07\/cadre-grange.jpg 1024w\" sizes=\"auto, (max-width: 300px) 100vw, 300px\" \/><\/a><\/div><a class=\"wp-block-latest-posts__post-title\" href=\"https:\/\/cocoonarchitecte.fr\/index.php\/2023\/07\/27\/la-grange\/\">La grange &#8211; Bosc Gu\u00e9rard (76)<\/a><\/li>\n<li><div class=\"wp-block-latest-posts__featured-image\"><a href=\"https:\/\/cocoonarchitecte.fr\/index.php\/2023\/07\/27\/faisabilite-1\/\" aria-label=\"Faisabilit\u00e9 logements collectifs &#8211; Le Havre\"><img loading=\"lazy\" decoding=\"async\" width=\"300\" height=\"300\" src=\"https:\/\/cocoonarchitecte.fr\/wp-content\/uploads\/2023\/07\/cadre-hestia-300x300.jpg\" class=\"attachment-medium size-medium wp-post-image\" alt=\"\" style=\"\" srcset=\"https:\/\/cocoonarchitecte.fr\/wp-content\/uploads\/2023\/07\/cadre-hestia-300x300.jpg 300w, https:\/\/cocoonarchitecte.fr\/wp-content\/uploads\/2023\/07\/cadre-hestia-150x150.jpg 150w, https:\/\/cocoonarchitecte.fr\/wp-content\/uploads\/2023\/07\/cadre-hestia-768x768.jpg 768w, https:\/\/cocoonarchitecte.fr\/wp-content\/uploads\/2023\/07\/cadre-hestia.jpg 1024w\" sizes=\"auto, (max-width: 300px) 100vw, 300px\" \/><\/a><\/div><a class=\"wp-block-latest-posts__post-title\" href=\"https:\/\/cocoonarchitecte.fr\/index.php\/2023\/07\/27\/faisabilite-1\/\">Faisabilit\u00e9 logements collectifs &#8211; Le Havre<\/a><\/li>\n<li><div class=\"wp-block-latest-posts__featured-image\"><a href=\"https:\/\/cocoonarchitecte.fr\/index.php\/2023\/07\/27\/charlotte\/\" aria-label=\"R\u00e9sidence Charlotte Perriand &#8211; Sotteville les Rouen (76)\"><img loading=\"lazy\" decoding=\"async\" width=\"300\" height=\"300\" src=\"https:\/\/cocoonarchitecte.fr\/wp-content\/uploads\/2023\/07\/cadre-raspail-2-300x300.jpg\" class=\"attachment-medium size-medium wp-post-image\" alt=\"\" style=\"\" srcset=\"https:\/\/cocoonarchitecte.fr\/wp-content\/uploads\/2023\/07\/cadre-raspail-2-300x300.jpg 300w, https:\/\/cocoonarchitecte.fr\/wp-content\/uploads\/2023\/07\/cadre-raspail-2-150x150.jpg 150w, https:\/\/cocoonarchitecte.fr\/wp-content\/uploads\/2023\/07\/cadre-raspail-2-768x768.jpg 768w, https:\/\/cocoonarchitecte.fr\/wp-content\/uploads\/2023\/07\/cadre-raspail-2.jpg 1024w\" sizes=\"auto, (max-width: 300px) 100vw, 300px\" \/><\/a><\/div><a class=\"wp-block-latest-posts__post-title\" href=\"https:\/\/cocoonarchitecte.fr\/index.php\/2023\/07\/27\/charlotte\/\">R\u00e9sidence Charlotte Perriand &#8211; Sotteville les Rouen (76)<\/a><\/li>\n<li><div class=\"wp-block-latest-posts__featured-image\"><a href=\"https:\/\/cocoonarchitecte.fr\/index.php\/2023\/07\/27\/les-terrasses\/\" aria-label=\"Sur\u00e9l\u00e9vation &#8211; Rouen (76)\"><img loading=\"lazy\" decoding=\"async\" width=\"300\" height=\"300\" src=\"https:\/\/cocoonarchitecte.fr\/wp-content\/uploads\/2023\/07\/cadre-st-sever-2-300x300.jpg\" class=\"attachment-medium size-medium wp-post-image\" alt=\"\" style=\"\" srcset=\"https:\/\/cocoonarchitecte.fr\/wp-content\/uploads\/2023\/07\/cadre-st-sever-2-300x300.jpg 300w, https:\/\/cocoonarchitecte.fr\/wp-content\/uploads\/2023\/07\/cadre-st-sever-2-150x150.jpg 150w, https:\/\/cocoonarchitecte.fr\/wp-content\/uploads\/2023\/07\/cadre-st-sever-2-768x768.jpg 768w, https:\/\/cocoonarchitecte.fr\/wp-content\/uploads\/2023\/07\/cadre-st-sever-2.jpg 1024w\" sizes=\"auto, (max-width: 300px) 100vw, 300px\" \/><\/a><\/div><a class=\"wp-block-latest-posts__post-title\" href=\"https:\/\/cocoonarchitecte.fr\/index.php\/2023\/07\/27\/les-terrasses\/\">Sur\u00e9l\u00e9vation &#8211; Rouen (76)<\/a><\/li>\n<li><div class=\"wp-block-latest-posts__featured-image\"><a href=\"https:\/\/cocoonarchitecte.fr\/index.php\/2023\/07\/23\/les-terrasses-de-saint-sever-11-logements-collectifs\/\" aria-label=\"11 logements collectifs &#8211; Rouen (76)\"><img loading=\"lazy\" decoding=\"async\" width=\"300\" height=\"300\" src=\"https:\/\/cocoonarchitecte.fr\/wp-content\/uploads\/2023\/07\/cadre-pie-2-300x300.jpg\" class=\"attachment-medium size-medium wp-post-image\" alt=\"\" style=\"\" srcset=\"https:\/\/cocoonarchitecte.fr\/wp-content\/uploads\/2023\/07\/cadre-pie-2-300x300.jpg 300w, https:\/\/cocoonarchitecte.fr\/wp-content\/uploads\/2023\/07\/cadre-pie-2-150x150.jpg 150w, https:\/\/cocoonarchitecte.fr\/wp-content\/uploads\/2023\/07\/cadre-pie-2-768x768.jpg 768w, https:\/\/cocoonarchitecte.fr\/wp-content\/uploads\/2023\/07\/cadre-pie-2.jpg 1024w\" sizes=\"auto, (max-width: 300px) 100vw, 300px\" \/><\/a><\/div><a class=\"wp-block-latest-posts__post-title\" href=\"https:\/\/cocoonarchitecte.fr\/index.php\/2023\/07\/23\/les-terrasses-de-saint-sever-11-logements-collectifs\/\">11 logements collectifs &#8211; Rouen (76)<\/a><\/li>\n<\/ul>\n\n\n<div style=\"height:58px\" aria-hidden=\"true\" class=\"wp-block-spacer\"><\/div>\n\n\n\n<div class=\"wp-block-buttons is-content-justification-center is-layout-flex wp-container-core-buttons-is-layout-16018d1d wp-block-buttons-is-layout-flex\">\n<div class=\"wp-block-button\"><a class=\"wp-block-button__link has-white-color has-text-color has-text-align-center wp-element-button\" href=\"https:\/\/cocoonarchitecte.fr\/index.php\/tous-nos-projets\/\">Tous nos projets<\/a><\/div>\n<\/div>\n","protected":false},"excerpt":{"rendered":"<p>individuels interm\u00e9diaires collectifs<\/p>\n","protected":false},"author":1,"featured_media":2109,"parent":0,"menu_order":0,"comment_status":"closed","ping_status":"closed","template":"","meta":{"footnotes":""},"class_list":["post-674","page","type-page","status-publish","has-post-thumbnail","hentry"],"_links":{"self":[{"href":"https:\/\/cocoonarchitecte.fr\/index.php\/wp-json\/wp\/v2\/pages\/674","targetHints":{"allow":["GET"]}}],"collection":[{"href":"https:\/\/cocoonarchitecte.fr\/index.php\/wp-json\/wp\/v2\/pages"}],"about":[{"href":"https:\/\/cocoonarchitecte.fr\/index.php\/wp-json\/wp\/v2\/types\/page"}],"author":[{"embeddable":true,"href":"https:\/\/cocoonarchitecte.fr\/index.php\/wp-json\/wp\/v2\/users\/1"}],"replies":[{"embeddable":true,"href":"https:\/\/cocoonarchitecte.fr\/index.php\/wp-json\/wp\/v2\/comments?post=674"}],"version-history":[{"count":9,"href":"https:\/\/cocoonarchitecte.fr\/index.php\/wp-json\/wp\/v2\/pages\/674\/revisions"}],"predecessor-version":[{"id":2112,"href":"https:\/\/cocoonarchitecte.fr\/index.php\/wp-json\/wp\/v2\/pages\/674\/revisions\/2112"}],"wp:featuredmedia":[{"embeddable":true,"href":"https:\/\/cocoonarchitecte.fr\/index.php\/wp-json\/wp\/v2\/media\/2109"}],"wp:attachment":[{"href":"https:\/\/cocoonarchitecte.fr\/index.php\/wp-json\/wp\/v2\/media?parent=674"}],"curies":[{"name":"wp","href":"https:\/\/api.w.org\/{rel}","templated":true}]}}